common factor of 20 and 540.
20
Calculate the greatest common divisor of 164 and 943.
41
Calculate the highest common divisor of 165 and 103125.
165
Calculate the greatest common divisor of 22 and 7634.
22
What is the highest common divisor of 328 and 369?
41
What is the greatest common factor of 123 and 205?
41
Calculate the highest common divisor of 78 and 3.
3
What is the highest common factor of 6867 and 189?
63
Calculate the greatest common divisor of 7 and 1757.
7
What is the greatest common factor of 160 and 555?
5
What is the greatest common divisor of 285 and 15?
15
What is the greatest common factor of 48 and 1520?
16
Calculate the highest common factor of 316 and 4.
4
Calculate the highest common factor of 132 and 13233.
33
Calculate the highest common factor of 61 and 1159.
61
Calculate the highest common factor of 4867 and 31.
31
What is the highest common divisor of 4 and 25?
1
What is the highest common divisor of 12 and 3?
3
What is the highest common divisor of 165 and 418?
11
What is the greatest common divisor of 141 and 2726?
47
Calculate the highest common factor of 2600 and 559.
13
Calculate the greatest common divisor of 136 and 3332.
68
What is the greatest common divisor of 91 and 5057?
13
What is the greatest common divisor of 28 and 448?
28
What is the highest common divisor of 44 and 1468?
4
What is the highest common factor of 1316 and 20?
4
Calculate the highest common divisor of 96 and 160.
32
What is the highest common divisor of 412 and 188?
4
What is the greatest common factor of 66575 and 25?
25
What is the greatest common divisor of 696 and 24?
24
What is the highest common divisor of 18 and 918?
18
Calculate the greatest common factor of 19131 and 21.
21
What is the highest common divisor of 1336 and 167?
167
Calculate the greatest common factor of 7 and 5747.
7
What is the highest common divisor of 1135 and 4994?
227
What is the highest common divisor of 366 and 6?
6
Calculate the highest common factor of 289 and 85.
17
What is the highest common divisor of 1253 and 7?
7
Calculate the greatest common divisor of 9 and 153.
9
What is the greatest common divisor of 970 and 388?
194
Calculate the greatest common factor of 171 and 2337.
57
Calculate the greatest common divisor of 496 and 155.
31
Calculate the greatest common divisor of 33 and 16687.
11
What is the highest common divisor of 3090 and 10?
10
Calculate the greatest common divisor of 182 and 42.
14
Calculate the greatest common factor of 3053 and 43.
43
Calculate the highest common divisor of 30 and 30270.
30
What is the highest common factor of 28 and 226?
2
Calculate the greatest common factor of 228 and 30.
6
Calculate the highest common divisor of 311 and 20837.
311
What is the greatest common factor of 21 and 534?
3
Calculate the greatest common factor of 406 and 154.
14
Calculate the highest common factor of 192 and 3008.
64
Calculate the highest common factor of 385 and 11.
11
Calculate the greatest common divisor of 68 and 9452.
68
Calculate the greatest common factor of 58 and 37874.
58
What is the highest common factor of 1078 and 3542?
154
Calculate the greatest common divisor of 18 and 15273.
9
Calculate the greatest common divisor of 9506 and 98.
98
Calculate the highest common divisor of 1968 and 144.
48
What is the highest common factor of 235 and 5?
5
What is the highest common divisor of 54 and 1962?
18
What is the highest common factor of 16112 and 53?
53
What is the greatest common divisor of 876 and 24?
12
Calculate the highest common divisor of 621 and 81.
27
Calculate the highest common divisor of 5 and 1230.
5
What is the greatest common divisor of 10 and 64?
2
Calculate the highest common divisor of 24 and 192.
24
What is the highest common factor of 6773 and 39?
13
Calculate the greatest common divisor of 63 and 45.
9
Calculate the greatest common factor of 462 and 759.
33
Calculate the greatest common divisor of 315 and 6678.
63
What is the highest common divisor of 245 and 70?
35
What is the highest common divisor of 93 and 6603?
93
What is the greatest common divisor of 3 and 111?
3
Calculate the highest common divisor of 52 and 988.
52
What is the highest common divisor of 16 and 48?
16
Calculate the greatest common divisor of 15 and 75.
15
Calculate the highest common factor of 16 and 436.
4
What is the greatest common factor of 470 and 90?
10
What is the greatest common divisor of 52 and 19110?
26
Calculate the highest common factor of 10902 and 711.
237
Calculate the greatest common divisor of 264 and 1144.
88
Calculate the highest common factor of 1628 and 44.
44
Calculate the highest common factor of 12525 and 45.
15
What is the greatest common factor of 62 and 6?
2
Calculate the greatest common divisor of 47 and 1.
1
What is the greatest common divisor of 16173 and 54?
27
What is the highest common factor of 1988 and 980?
28
Calculate the greatest common divisor of 6071 and 26.
13
Calculate the greatest common factor of 16 and 6548.
4
What is the highest common factor of 308 and 132?
44
Calculate the highest common divisor of 282 and 150.
6
What is the greatest common divisor of 3564 and 18?
18
Calculate the greatest common factor of 6273 and 153.
153
What is the greatest common factor of 1863 and 46?
23
What is the highest common factor of 1455 and 60?
15
Calculate the highest common factor of 63 and 399.
21
What is the greatest common divisor of 40 and 8?
8
What is the highest common factor of 1170 and 20?
10
Calculate the greatest common divisor of 13 and 351.
13
Calculate the greatest common divisor of 1339 and 52.
13
Calculate the highest common divisor of 14 and 100702.
14
Calculate the greatest common divisor of 187 and 363.
11
Calculate the highest common factor of 14656 and 384.
64
Calculate the greatest common factor of 12 and 2868.
12
Calculate the highest common divisor of 594 and 264.
66
Calculate the highest common factor of 4634 and 98.
14
Calculate the highest common factor of 48 and 57.
3
Calculate the highest common divisor of 36 and 31734.
18
What is the greatest common factor of 20 and 760?
20
What is the greatest common divisor of 24 and 744?
24
Calculate the highest common divisor of 5633 and 131.
131
What is the highest common divisor of 64 and 3008?
64
Calculate the greatest common factor of 805 and 322.
161
What is the greatest common divisor of 1407 and 63?
21
What is the highest common factor of 1495 and 13?
13
Calculate the greatest common divisor of 154 and 28413.
77
Calculate the greatest common factor of 65 and 520.
65
What is the highest common divisor of 285 and 1725?
15
Calculate the greatest common factor of 299 and 273.
13
Calculate the highest common divisor of 190 and 90.
10
What is the greatest common divisor of 58 and 25607?
29
Calculate the highest common factor of 94 and 52123.
47
What is the highest common divisor of 37 and 14689?
37
Calculate the greatest common divisor of 2703 and 159.
159
Calculate the greatest common factor of 46 and 15019.
23
What is the highest common factor of 7203 and 1715?
343
What is the highest common divisor of 10807 and 101?
101
Calculate the highest common divisor of 215 and 129.
43
Calculate the greatest common factor of 47 and 33323.
47
What is the highest common divisor of 2 and 7?
1
What is the greatest common factor of 12 and 1428?
12
What is the greatest common divisor of 2955 and 240?
15
What is the greatest common factor of 28 and 7364?
28
What is the highest common divisor of 98 and 9849?
49
What is the highest common factor of 76 and 171?
19
What is the greatest common divisor of 328 and 41?
41
What is the highest common factor of 1216 and 114?
38
What is the greatest common factor of 1539 and 9?
9
Calculate the highest common factor of 248 and 31.
31
What is the greatest common factor of 3366 and 126?
18
What is the greatest common factor of 428 and 8?
4
Calculate the greatest common factor of 9 and 1.
1
Calculate the highest common factor of 17 and 1.
1
What is the greatest common divisor of 552 and 2576?
184
Calculate the greatest common divisor of 63 and 69.
3
What is the highest common factor of 34308 and 36?
36
Calculate the highest common factor of 176 and 192.
16
What is the greatest common factor of 688 and 2416?
16
Ca